 third derivative of i(x). List the prime factors of v(10).
2, 3
Suppose -2*n + 55 = 7*j - 6*j, -3*n = -3*j - 78. Suppose 2*c - 2*p - 91 = n, -3*p = 6. What are the prime factors of c?
3, 19
Suppose 3*r + 2*b - 47 = 0, 0 = r - 5*b - 2 - 42. Suppose 2*v - 370 = -102. Suppose r = -5*w + v. What are the prime factors of w?
23
Let v(m) = 0 + 0 + m**3 - 3 + 6*m + 8*m**2. Suppose -3*d = -5*d - 2*i - 16, -2*d - 5*i = 19. List the prime factors of v(d).
2
Suppose -l + 4*z = -98, -z + 311 = 3*l + 4*z. Suppose 5*d = 2*d + l. What are the prime factors of d?
2, 17
Suppose -v = -3*v + 18. Let g = v + -83. Let r = -37 - g. What are the prime factors of r?
37
Let t be (-1 - -3)*(-1)/2. Let j be (t + 4 + -4)*-3. Suppose 0 = -5*x + j + 37. List the prime factors of x.
2
Suppose -5*w = 10, -u + 4*w + 3108 = 3*u. List the prime factors of u.
5, 31
Suppose f = -0*f + 751. What are the prime factors of f?
751
Let c(h) = h**2 - 11*h + 11. Let s be c(10). What are the prime factors of s/2 - (-86)/(-4)*-3?
5, 13
Let c(u) = -646*u - 27. What are the prime factors of c(-3)?
3, 7, 13
Let p be (-13)/(39/(-54))*16/1. Suppose 4*s = 5*b - 776, 25 = 2*b + s - p. List the prime factors of b.
2, 3, 13
Suppose 0 = 19*v - 16*v - 390. What are the prime factors of v?
2, 5, 13
Let z be (-4)/(10/(-5)) + 3. Suppose -98 = -2*m - 2*v, -z*v = 3 + 2. List the prime factors of m.
2, 5
Let w = 1077 - 595. What are the prime factors of w?
2, 241
Let v = -141 - -125. Let g = v + 279. What are the prime factors of g?
263
Suppose -4*m - 237 + 1261 = 0. List the prime factors of m.
2
Suppose -8*w + 4*w + 8 = 0. Suppose 69 = -y - 2*f - 2*f, w = -2*f. Let h = -2 - y. List the prime factors of h.
3, 7
What are the prime factors of (-1250)/(-2) - (-2 + 4)?
7, 89
Suppose -3*a = j - 6*j + 40, -2*a - 30 = -4*j. Suppose -5*u + 5*y - 3 = -13, 26 = -5*u - 4*y. List the prime factors of u/(-3)*(11 + a).
2
Let r = -556 + 612. List the prime factors of r.
2, 7
Let k = 14 + -13. Let t = 52 + k. Let g = t + 18. What are the prime factors of g?
71
Let l(i) = 75*i**3 - 6*i**2 + 24*i - 83. List the prime factors of l(4).
53, 89
Suppose -2*d = -5*z - 8862, d + 5*z = 7494 - 3048. What are the prime factors of d?
2, 1109
Let w = 2 - -2. Let o = -1 + w. Suppose -3*u = -4*z + 91, -o*u + 4*u = -z + 21. What are the prime factors of z?
2, 11
Let u = -152 + 281. Suppose -3*v = -63 - u. What are the prime factors of v?
2
Suppose 2*n + 658 = 3*p, -2*p + 614 = n + 187. Let b = p + -81. List the prime factors of b.
3, 5
Let m be 4/18 + 160/9. Suppose -6*a = -m*a + 1104. What are the prime factors of a?
2, 23
Let w = -10 - -13. Let t(u) be the second derivative of u**5/20 - u**4/4 + 2*u**3/3 - u**2 - 13*u. What are the prime factors of t(w)?
2, 5
Let l(x) = 202*x**3 - x**2 + 3*x - 3. List the prime factors of l(1).
3, 67
Suppose t - 7 = -1. Let y be ((-2)/(-3))/(t/(-9)). List the prime factors of 1/(y - 18/(-15)).
5
Let r be -3*3/((-45)/65). What are the prime factors of (r/((-65)/270))/(1/(-1))?
2, 3
Let f(u) = 5 + 44 + u**2 - 14 + 4*u - 12. List the prime factors of f(10).
163
Let f(q) = -476*q - 553. What are the prime factors of f(-8)?
3, 5, 7, 31
Suppose 2*w - 24 = -4*w. Suppose 3*j = 3*i + i - 328, -w*j = -i + 82. List the prime factors of i.
2, 41
Let b(n) = 2*n**3 - 2*n**2 - 5*n + 6. Let v be b(6). Let j = v + -176. What are the prime factors of j?
2, 5
Let d(v) = -4*v**3 - 5*v**2 + 37*v + 30. List the prime factors of d(-7).
2, 449
Let r = 6 + -4. Suppose 0 = r*z + z + 36. Let p = -7 - z. List the prime factors of p.
5
Let b(s) = -s**3 + 4*s**2 + 23*s - 5. Let l be b(-10). Suppose 0 = -4*k + l - 229. What are the prime factors of k?
2, 3, 13
Let c(g) = 6*g - 47. Let r be c(10). Suppose 0 = r*z - 8*z - 1010. What are the prime factors of z?
2, 101
Let b be 9564/20 - (-3)/(-15). Let f = b - 317. List the prime factors of f.
7, 23
What are the prime factors of 9 + (-277 - 12)*-17?
2, 23, 107
Suppose -4*v + 2*v + 840 = 0. Suppose -369 = -c - 3*c + 5*z, -5*c - 2*z = -v. List the prime factors of c.
2, 43
Suppose 20 = 2*l + 3*l. Suppose -2*g + 8 = 0, -l*c + 3*g - 160 = 2*g. Let d = 56 + c. What are the prime factors of d?
17
Let t(p) = -3*p**2 - 6 + 4*p**2 - 107*p + 94*p. What are the prime factors of t(14)?
2
Let q = -19 - -16. Let h = q - -24. What are the prime factors of (-3)/2 - h/(-2)?
3
Suppose -4*v = -2*x + 332, -4*x = -3*x + 4*v - 190. Suppose -27 = -11*q - 27. Suppose 5*i + 4*m - x = q, 3*m + 6 = -i + 32. List the prime factors of i.
2, 19
Let d(b) = b + 2. Let c be d(-8). What are the prime factors of (c/4)/(12/(-496))?
2, 31
Suppose r + 5*l + 10 = -r, r - 4*l - 21 = 0. Suppose -161 = r*c - 646. What are the prime factors of c?
97
Let i(v) = 223*v + 8. What are the prime factors of i(23)?
11, 467
Suppose -245 = 3*g - 2123. Suppose v = m + 110, 5*v - g = m - 76. Suppose -5*x + 5*s - 5 = -v, -2*x = 3*s - 22. List the prime factors of x.
17
Let f(h) = -1483*h - 230. List the prime factors of f(-3).
4219
Let b(w) = 0*w**2 - 3*w**3 + w**3 - 4*w**2 - 2*w + 0*w**2. Let k be b(-2). List the prime factors of (-35)/(-2)*(k - 2).
5, 7
Let k be -1*2*(3 + 67)/(-5). Let v = -4 + k. List the prime factors of v.
2, 3
Suppose -13 = -m + 1. Let u = -2 + m. What are the prime factors of (-3)/18 + 122/u?
2, 5
Let z = 23 + 11. Suppose -5*o - z = -4. What are the prime factors of (-3)/o + 83/2?
2, 3, 7
Let t(g) = -g**2 - 5*g - 2. Let s be t(0). List the prime factors of (16/(-20))/(s/250).
2, 5
Let m(q) = -18*q - 5. Let h(a) = a**3 - 4*a**2 + 2*a + 1. Let t(i) = 2*i + 19. Let d be t(-8). Let k be h(d). List the prime factors of m(k).
31
Let p = -83 + 131. Let v = -15 + p. What are the prime factors of v?
3, 11
Suppose -4*z + 475 + 1958 = w, w + 602 = z. List the prime factors of z.
607
Suppose -22*o + 3424 = 3*c - 24*o, -3*c - 5*o + 3410 = 0. What are the prime factors of c?
2, 3, 5, 19
Suppose j = -5 - 30. What are the prime factors of (-1568)/j + (-4)/5?
2, 11
Let j = 62 + 89. Suppose -4*c + j = 2*w - c, -5*w + 335 = -c. List the prime factors of w.
2, 17
Let x(g) = 16*g**2 + 7*g + 15. Let r be x(-4). Suppose 509 + r = 16*j. What are the prime factors of j?
47
Suppose 0 = -4*z + 2*g + 1050 + 12, -4*g - 4 = 0. Suppose 4*d = -d - z. Let o = 79 + d. What are the prime factors of o?
2, 13
Let n = -28 + 28. Suppose 0 = 2*x - n*v - 2*v - 4, -3*x + 6 = 4*v. Suppose -5*z = x*z - 154. What are the prime factors of z?
2, 11
Let m(z) = 13*z**2 + 3*z + 2. Let f be m(-1). Suppose -f*q + 1020 + 732 = 0. What are the prime factors of q?
2, 73
Suppose -12 = -2*o + 3*b, 5*o = 2*o - 4*b + 1. Suppose 5*y - o*y = -6. What are the prime factors of -2 + -13*(2 + y)?
11
Let p = 14 + -12. Suppose -14 = -p*h + h. What are the prime factors of h?
2, 7
Suppose 4859 - 1298 = 2*g + 5*h, -g + h + 1770 = 0. List the prime factors of g.
3, 197
Let m be 2*244 - (-5 - -1). List the prime factors of (-3)/(-9) + m/9.
5, 11
Let v(q) = 2*q - 17. Let i(o) = -1. Let r(z) = -6*i(z) + v(z). Let b be r(6). List the prime factors of 20 + b + 6/(-3).
19
Suppose 0 = 12*h - 45 + 9. Suppose -5*f + 2*l + 658 = 3*l, -l - 390 = -h*f. What are the prime factors of f?
131
Let l(p) = -3*p**2 + 2*p + 660. List the prime factors of l(0).
2, 3, 5, 11
Let g(s) = -2 + 2 - 2 + 5*s - 7. Let h(t) = t**2 - 8*t + 2. Let c be h(9). What are the prime factors of g(c)?
2, 23
Let w(s) = 18 - 4 + 5*s - 4*s**2 - s**2 - 1. Let v(p) = p**2 - 1. Let z(y) = 6*v(y) + w(y). What are the prime factors of z(-5)?
7
Suppose 308 = -3*y + 2402. List the prime factors of y.
2, 349
Suppose -3*b = 4*v - 10310, 0 = 3*v + v + 4*b - 10308. What are the prime factors of v?
2579
Let i = -6 - -4. Let f(v) = 2*v**2 + 5*v + 4. Let h be f(i). Suppose -h*x + 5*d + 77 = 0, -d + 42 = 2*x + d. What are the prime factors of x?
2, 13
Let m(p) be the second derivative of -3*p**5/20 + p**4/4 + p**3/6 - p**2/2 + 7*p. Let u be m(-2). Suppose 0 = 9*c - 10*c + u. List the prime factors of c.
3, 11
Let m = -508 + 3583. What are the prime factors of m?
3, 5, 41
Let z(f) = -f**3 - f**2 - f - 12. Let l = -13 - -13. Let p be z(l). List the prime factors of 3*4 - p/6.
2, 7
Suppose -15 = -y + 2*t - 5, 0 = -4*y - t + 58. List the prime factors of y.
2, 7
Let s = -617 - -950. What are the prime factors of s?
3, 37
Suppose 0 = 4*s + 4*q 